of 9743071.
13, 749467
What are the prime factors of 709660?
2, 5, 7, 37, 137
What are the prime factors of 442069?
442069
What are the prime factors of 1209647?
1209647
List the prime factors of 427441.
7, 227, 269
List the prime factors of 775112.
2, 13, 29, 257
List the prime factors of 392619.
3, 130873
List the prime factors of 3630567.
3, 359, 3371
What are the prime factors of 158417?
7, 53, 61
List the prime factors of 1450967.
7, 17, 89, 137
List the prime factors of 30115.
5, 19, 317
What are the prime factors of 4341973?
4341973
What are the prime factors of 803368?
2, 137, 733
List the prime factors of 134231.
269, 499
List the prime factors of 984878.
2, 17, 83, 349
List the prime factors of 79490.
2, 5, 7949
What are the prime factors of 8891023?
29, 306587
List the prime factors of 2486034.
2, 3, 138113
List the prime factors of 193640.
2, 5, 47, 103
List the prime factors of 9390019.
79, 118861
What are the prime factors of 2435195?
5, 7, 41, 1697
List the prime factors of 1097504.
2, 34297
List the prime factors of 1781190.
2, 3, 5, 733
List the prime factors of 159960.
2, 3, 5, 31, 43
What are the prime factors of 147021?
3, 7, 7001
List the prime factors of 5374673.
67, 97, 827
What are the prime factors of 41604795?
3, 5, 924551
List the prime factors of 4858492.
2, 1214623
List the prime factors of 1271205.
3, 5, 13, 41, 53
List the prime factors of 1074452.
2, 268613
What are the prime factors of 593860?
2, 5, 23, 1291
What are the prime factors of 28763?
7, 587
What are the prime factors of 750725?
5, 30029
List the prime factors of 8172351.
3, 11, 82549
What are the prime factors of 14370685?
5, 7, 53, 61, 127
What are the prime factors of 12580541?
293, 42937
What are the prime factors of 269323?
29, 37, 251
What are the prime factors of 415208?
2, 17, 43, 71
List the prime factors of 10012648.
2, 1251581
What are the prime factors of 24313?
41, 593
List the prime factors of 170799.
3, 17, 197
What are the prime factors of 148068?
2, 3, 457
What are the prime factors of 462387?
3, 79, 1951
List the prime factors of 6293.
7, 29, 31
What are the prime factors of 2529795?
3, 5, 191, 883
What are the prime factors of 11451465?
3, 5, 397, 641
List the prime factors of 172291.
7, 151, 163
List the prime factors of 259533.
3, 28837
List the prime factors of 3678313.
137, 26849
List the prime factors of 1120051.
1120051
List the prime factors of 4833743.
4833743
List the prime factors of 945068.
2, 191, 1237
What are the prime factors of 197117?
197117
What are the prime factors of 286549?
29, 41, 241
List the prime factors of 2468550.
2, 3, 5, 7, 2351
What are the prime factors of 137241?
3, 13, 17, 23
What are the prime factors of 32970462?
2, 3, 7, 113, 6947
What are the prime factors of 6029195?
5, 101, 11939
What are the prime factors of 153532?
2, 131, 293
List the prime factors of 3873115.
5, 673, 1151
What are the prime factors of 2369056?
2, 101, 733
List the prime factors of 1881358.
2, 71, 13249
List the prime factors of 588092.
2, 233, 631
List the prime factors of 5433143.
193, 28151
What are the prime factors of 7357190?
2, 5, 735719
List the prime factors of 27779773.
7, 47, 84437
List the prime factors of 1042146.
2, 3, 7, 919
List the prime factors of 2896132.
2, 19, 53, 719
List the prime factors of 32878442.
2, 17, 211, 4583
What are the prime factors of 4707296?
2, 11, 43, 311
List the prime factors of 290320.
2, 5, 19, 191
What are the prime factors of 955957?
955957
List the prime factors of 1786425.
3, 5, 23819
What are the prime factors of 189226?
2, 94613
List the prime factors of 694695.
3, 5, 29, 1597
What are the prime factors of 11429972?
2, 2857493
List the prime factors of 111635.
5, 83, 269
List the prime factors of 36724487.
36724487
What are the prime factors of 2107797?
3, 702599
What are the prime factors of 1139808?
2, 3, 31, 383
What are the prime factors of 4661816?
2, 582727
What are the prime factors of 630021?
3, 7, 19, 1579
List the prime factors of 72682.
2, 36341
What are the prime factors of 1510900?
2, 5, 29, 521
What are the prime factors of 884532?
2, 3, 11, 6701
What are the prime factors of 1587210?
2, 3, 5, 191, 277
What are the prime factors of 6602375?
5, 13, 17, 239
What are the prime factors of 265930?
2, 5, 7, 29, 131
What are the prime factors of 286506?
2, 3, 11, 1447
List the prime factors of 3132493.
7, 13, 29, 1187
List the prime factors of 236028.
2, 3, 13, 17, 89
What are the prime factors of 544513?
544513
What are the prime factors of 2269712?
2, 43, 3299
What are the prime factors of 563588?
2, 140897
What are the prime factors of 201954?
2, 3, 97, 347
List the prime factors of 4357283.
7, 191, 3259
What are the prime factors of 6481255?
5, 11, 117841
List the prime factors of 1077835.
5, 11, 19597
List the prime factors of 1287653.
127, 10139
What are the prime factors of 406535?
5, 81307
List the prime factors of 580150.
2, 5, 41, 283
List the prime factors of 207815.
5, 89, 467
What are the prime factors of 825914?
2, 37, 11161
List the prime factors of 528965.
5, 67, 1579
List the prime factors of 213788.
2, 19, 29, 97
What are the prime factors of 418069?
418069
What are the prime factors of 11445?
3, 5, 7, 109
What are the prime factors of 405379?
13, 31183
List the prime factors of 20836332.
2, 3, 11, 17539
What are the prime factors of 1504565?
5, 61, 4933
What are the prime factors of 342616?
2, 113, 379
List the prime factors of 14999550.
2, 3, 5, 19, 277
What are the prime factors of 3822189?
3, 7, 182009
What are the prime factors of 213191?
11, 19381
List the prime factors of 765411.
3, 255137
What are the prime factors of 7012315?
5, 71, 19753
What are the prime factors of 819316?
2, 257, 797
List the prime factors of 280768.
2, 41, 107
List the prime factors of 865894.
2, 563, 769
List the prime factors of 4777382.
2, 887, 2693
What are the prime factors of 2489037?
3, 23, 36073
What are the prime factors of 5498654?
2, 7, 392761
What are the prime factors of 1782355?
5, 193, 1847
List the prime factors of 4010112.
2, 3, 59
List the prime factors of 1590508.
2, 167, 2381
List the prime factors of 4927316.
2, 1231829
List the prime factors of 145259.
145259
List the prime factors of 282275.
5, 7, 1613
What are the prime factors of 14517316?
2, 11, 43, 7673
List the prime factors of 342495.
3, 5, 43, 59
What are the prime factors of 4411731?
3, 1470577
List the prime factors of 3192227.
3192227
What are the prime factors of 17038710?
2, 3, 5, 13, 14563
What are the prime factors of 188064?
2, 3, 653
What are the prime factors of 2248832?
2, 17569
What are the prime factors of 1486519?
431, 3449
What are the prime factors of 3485307?
3, 7, 29, 59, 97
What are the prime factors of 1199926?
2, 7, 13, 19, 347
List the prime factors of 2227614.
2, 3, 139, 2671
List the prime factors of 1525009.
47, 71, 457
List the prime factors of 9203748.
2, 3, 97, 7907
List the prime factors of 690471.
3, 107, 239
List the prime factors of 449801.
11, 103, 397
List the prime factors of 64277.
17, 19, 199
List the prime factors of 20687446.
2, 13, 347, 2293
What are the prime factors of 1033906?
2, 17, 47, 647
What are the prime factors of 2506856?
2, 11, 61, 467
What are the prime factors of 968315?
5, 193663
List the prime factors of 138399.
3, 46133
What are the prime factors of 370927?
41, 83, 109
List the prime factors of 9301020.
2, 3, 5, 155017
List the prime factors of 20978.
2, 17, 617
List the prime factors of 189787.
13, 1123
What are the prime factors of 7030004?
2, 101, 17401
What are the prime factors of 2522271?
3, 840757
List the prime factors of 194129.
13, 109, 137
List the prime factors of 11037797.
11037797
List the prime factors of 989834.
2, 494917
List the prime factors of 10053101.
10053101
What are the prime factors of 7698776?
2, 683, 1409
List the prime factors of 525982.
2, 79, 3329
List the prime factors of 2319089.
17, 136417
What are the prime factors of 22248733?
13, 17, 100673
List the prime factors of 2040583.
23, 88721
What are the prime factors of 2768388?
2, 3, 7, 32957
What are the prime factors of 19206275?
5, 11, 211, 331
List the prime factors of 25371037.
25371037
List the prime factors of 336514.
2, 113, 1489
What are th